et h = -6 + 11. What is the remainder when t is divided by h?
2
Suppose 0*j + 2*j - 26 = 0. Calculate the remainder when 25 is divided by j.
12
Let g(n) = -n**2 - 9*n - 7. Let q = 156 - 104. Suppose k = 3*k - 4*w - q, 0 = k + w - 17. Calculate the remainder when k is divided by g(-6).
9
Calculate the remainder when ((-58)/3)/((-2)/3) is divided by 5/(15/16)*3/2.
5
Let t = -11 - -17. Suppose 0 = -3*i + 3, 0*m = 3*m + i + 68. Let n = -6 - m. Calculate the remainder when n is divided by t.
5
Suppose 4*s - 5*h = 57, 3*h = -s + 2*s - 16. What is the remainder when s is divided by 5?
3
Let f = 36 - 62. Let k = f - -45. Let s(j) = -j**3 - j + 10. Calculate the remainder when k is divided by s(0).
9
Suppose -26 = -5*a + 24. Suppose 0 = 2*b - 4*i - 74, -3*b + 5*i = -131 + 24. Calculate the remainder when b is divided by a.
9
Suppose 4*z + 86 = 5*s - 24, -51 = -s - 5*z. Suppose -5*v - 23 = 4*y, s = -5*y - 3*v + 7. Calculate the remainder when (y/(-3))/(4/246) is divided by 14.
13
Let n = -10 + 16. What is the remainder when 15 is divided by -12*1*n/(-9)?
7
Let y be 2/(58/(-20) - -3). Suppose t - 3 = -0. Suppose -y = -t*u + 28. Calculate the remainder when 31 is divided by u.
15
Let y(i) = i**2 - 3*i + 3. Let z be y(3). Suppose 0*u = -z*u + 60. Calculate the remainder when u is divided by 11.
9
What is the remainder when ((-22)/4 - -4)*-24 is divided by 13?
10
Let c = 12 - 7. Calculate the remainder when 5 is divided by c.
0
Let a(i) = 3*i**3 + 2*i**2 + 8*i - 5. What is the remainder when a(3) is divided by 20?
18
Let y(v) = 2*v**2 - 7*v + 2. Let l be y(-6). Let d = 174 - l. Calculate the remainder when d is divided by 15.
13
Let v = -34 - -50. Calculate the remainder when 93 is divided by v.
13
Let z(y) = y**2 - 3*y - 2. Suppose -78 = -46*s + 14. What is the remainder when z(4) is divided by s?
0
Suppose 18*p - 40 = 22*p. Let t = 34 + p. What is the remainder when t is divided by 14?
10
Suppose 0 = -0*b + 4*b. Suppose b = -5*a - 22 + 167. Calculate the remainder when a is divided by 10.
9
Let h = 18 + -7. Suppose 2*a + 3*a = 0. Let j(b) = -b**3 - b**2 + 32. Calculate the remainder when j(a) is divided by h.
10
Let l(v) = -2*v**3 - 1. Let h(k) = 5*k**3 + k**2 + 3. Let w(a) = -3*h(a) - 8*l(a). Calculate the remainder when 44 is divided by w(4).
14
Let f(k) = 22*k**2 - k. Calculate the remainder when 41 is divided by f(1).
20
Let d(u) = u**3 + 7*u**2 + 3*u + 2. What is the remainder when 28 is divided by d(-6)?
8
Let t(p) = p**3 - 6*p**2 + 6*p + 4. Let m = 5 + -15. Let q be m/(-1)*(-1)/(-2). Calculate the remainder when 26 is divided by t(q).
8
Let t(p) = p**2 + 5*p + 4. Let a be t(-5). Suppose 0 = -3*y + 5*y + a*h - 4, 3*h = -6. Let g(c) = 10*c + 1. What is the remainder when g(1) is divided by y?
5
Let p(w) = -8*w - 9. Let x be (-2)/(-7) - (-130)/35. Suppose 2*b = -0*m - m - 9, 3*b - x*m = -41. What is the remainder when p(b) is divided by 16?
15
Suppose -6*i = -9 - 15. What is the remainder when 7 is divided by i?
3
Suppose g - 3 + 0 = 0. Suppose 10 = -g*o + 5*o. What is the remainder when o is divided by 2?
1
Calculate the remainder when 1*(25 - (0 + 2)) is divided by 8.
7
Let k(i) = -i**3 + 3*i**2 + i - 1. Calculate the remainder when 65 is divided by k(-2).
14
Let f(k) = -8*k**2 - k - 1. Let d be f(-1). Calculate the remainder when 16 is divided by -3*3*d/12.
4
What is the remainder when 21 is divided by (300/35)/2 + (-2)/7?
1
Let u be 6/8*(96 + 0). Suppose -4*b - 2*g - 2*g = -u, 2*b + g = 38. What is the remainder when b is divided by 11?
9
Suppose 88*k = 89*k - 29. What is the remainder when k is divided by 11?
7
Suppose -4*t = -108 + 20. Suppose 0 = 4*a - 3*a. Suppose a*b = 3*b - 24. Calculate the remainder when t is divided by b.
6
Let o(w) = -w**3 + 5*w**2 + 2*w. Let z be o(3). Suppose -3*a + 4*k - 5 = -z, 0 = 5*k - 25. What is the remainder when a is divided by 7?
6
Let w = 29 + 0. What is the remainder when w is divided by 10?
9
Let n be (5/3)/((-1)/(-24)). Suppose -4*u + n = 4*w, -2 = w - 0*w - 5*u. Calculate the remainder when 22 is divided by w.
6
Let h = 50 - 23. Suppose 3*b = -b - 8, -5*b + 65 = 5*a. What is the remainder when h is divided by a?
12
Let i = 23 + -16. Suppose 3*j = 7*j + 84. Let a = -1 - j. Calculate the remainder when a is divided by i.
6
Let b(z) = -6*z - 8 + 2*z - 2*z + 2*z**2. Calculate the remainder when b(6) is divided by (-4)/(-10) + 48/5.
8
Suppose -181 = -3*q - 5*j, -q = q + 2*j - 114. Suppose 4*v - q = -0*v. What is the remainder when 38 is divided by v?
12
Let b(a) = -a**2 - 7*a + 2. Let l be b(-7). Suppose 4 = -2*i + 36. Suppose -p - l*u = 3, 3*p - u + 2*u = i. Calculate the remainder when 19 is divided by p.
5
Let k be (4/6)/((-16)/(-4008)). Suppose -k - 83 = -5*s. Suppose -2*n = -4*d + s, 5*d + 3*n = -n + 95. Calculate the remainder when d is divided by 8.
7
Let a(m) = 3*m - 12. Let h be a(12). Let v = h - 11. Calculate the remainder when 51 is divided by v.
12
Let i(x) = 3*x - 7. Let h be i(3). Suppose -h*v = -7 - 5. What is the remainder when 29 is divided by v?
5
Suppose -b + 5*i - 17 = -48, 3*i = 3*b - 45. Calculate the remainder when 42 is divided by b.
9
Let b = 24 + 127. Calculate the remainder when b is divided by 17.
15
Let n(p) = p + 1. Let b(a) be the first derivative of -5*a**2/2 + 2*a - 1. Let q(f) = b(f) - 3*n(f). Calculate the remainder when 13 is divided by q(-1).
6
Let a(d) = d**3 + 2*d**2 - d - 3. Let m be a(-3). Let f = 33 + m. Suppose 4*s - 5*s - 3*c = -6, -2*s = 2*c - f. Calculate the remainder when s is divided by 8.
7
Let d = 1 + 1. Let y = -4 - d. What is the remainder when 36 is divided by 2*(-19)/y*3?
17
Calculate the remainder when 38 is divided by 2/(-18)*-88 + 2/9.
8
Let h = 24 - 2. What is the remainder when 42 is divided by h?
20
Suppose 2*o - 83 = 3*w, 5*w - 26 = -2*o + 33. Suppose o + 51 = 4*m. What is the remainder when m is divided by (-25)/(-3) + (-11)/33?
6
Suppose 0 = w - 28 + 7. Calculate the remainder when w is divided by 11.
10
Let q = 5 + -3. Suppose -2*b + b = 5*a - 45, 4*b - 36 = -q*a. Let r(u) = -u**3 + 9*u**2 - 5*u - 10. What is the remainder when 39 is divided by r(a)?
11
Let b(l) = -l**2 - l + 6. Let k(y) = -2*y + 6. Let n(v) = -3*b(v) + 2*k(v). Let s(t) = 2*t + 1. What is the remainder when n(-3) is divided by s(4)?
6
Let i = -66 + 84. What is the remainder when 89 is divided by i?
17
Let l(g) = g + 73. Let y be (-2)/(-6) - (-3)/(-9). Calculate the remainder when l(y) is divided by 25.
23
Let v(q) = 1 - 4*q + 1 + 1. What is the remainder when v(-4) is divided by 1/(((-20)/4)/(-50))?
9
Let q(r) = 5*r - 107. Let d = 1 - -2. Calculate the remainder when q(23) is divided by d.
2
Let j(g) = -g + 9. Let s be j(7). Let v be 23 - (0 - -2) - 1. Suppose v = -p + s*p. What is the remainder when p is divided by 11?
9
Let l be 2*((-14)/4 + 2). What is the remainder when 28 is divided by 9 - 3/(l + 0)?
8
Suppose 0*x + 5*x = 0. Let y be 0 + 0/(-3) - x. Suppose h = -y*h + 21. Calculate the remainder when 61 is divided by h.
19
Suppose 4 - 16 = -u. Calculate the remainder when 70 is divided by u.
10
Let w(g) = -g + 2. Let x = 9 - 12. What is the remainder when 12 is divided by w(x)?
2
Let o = -7 - -11. Suppose -o*q = -19 + 47. Let a(s) = -3*s + 7. Calculate the remainder when a(q) is divided by 15.
13
Let q be 1/4 + (-11)/(-4). Calculate the remainder when 9 is divided by (-2 - -2)/q - -4.
1
Let i(y) = 2*y**2 - 6 + 7*y**2 - 4*y**2 + 0*y + 3*y - y**3. What is the remainder when i(4) is divided by 12?
10
Let q = -161 - -284. Calculate the remainder when q is divided by 14.
11
Suppose -3*i = -171 + 12. Suppose -3*t - 3*m + m = -48, 0 = 5*t + m - 87. Calculate the remainder when i is divided by t.
17
Suppose 5*y - 3 = 2*n - 15, 4 = -2*n - 3*y. What is the remainder when 142/(3 - n) - -2 is divided by 19?
16
What is the remainder when (-6)/(-3)*(-109)/(-2) is divided by 22?
21
Let v = -67 - -78. What is the remainder when 140 is divided by v?
8
Suppose -57 = 4*y + 35. Let a = -13 - y. Calculate the remainder when 28 is divided by a.
8
Let y(f) = 5*f - 4. Let l(c) = 4*c - 4. Let u(p) = 4*l(p) - 3*y(p). What is the remainder when 7 is divided by u(7)?
1
Suppose -2*s - 32 = -4*s. Let b be (-1 - -1)/(-1 + 2). Suppose 4*c - 36 = -b. What is the remainder when s is divided by c?
7
Let